Let k(x) = 13*x + 18. Calculate k(s).
-8
Suppose -28*a + 23*a - 24 = -3*f, 6 = -a + f. Let r(l) = 3*l**2 - 4*l + 1. Give r(a).
40
Let y(g) = -g**3 - 23*g**2 - 19*g + 63. Let h be y(-22). Let v(u) = u - 10. Let t(m) = -2*m + 19. Let q(z) = 6*t(z) + 11*v(z). Give q(h).
7
Suppose -m = 3*u + 3 + 18, -u - 5*m - 21 = 0. Let j be (-2)/8*0 - -3. Let g(n) = j*n - 4*n - 2 + 1. Determine g(u).
5
Let q(x) = -x**3 + 8*x**2 + 30*x + 29. Let l be q(11). Let t(k) = 9*k + 9. Determine t(l).
-27
Suppose -22 = -g - 20. Suppose s = -3*o + 5, -g - 23 = -5*s. Let j(k) = -k - 4. Determine j(o).
-4
Let s(x) = x**3 + 2*x**2 + 2*x - 1. Let r(n) = 6*n**3 + 10*n**2 + 10*n - 4. Let d(k) = -r(k) + 5*s(k). Let u(j) = -j - 8. Let t be u(-6). Calculate d(t).
7
Suppose -2*m - i + 13 = -13, 3*m + 5*i - 39 = 0. Suppose -4*v + m = -23. Let a(t) = 2*t - 9. What is a(v)?
9
Let h(y) be the first derivative of -y**2/2 - 4*y + 63. Calculate h(4).
-8
Let p(j) = j**3 - 9*j**2 + j + 9. Suppose 450*w - 454*w + 36 = 0. Give p(w).
18
Let x(v) = -4*v - 8. Let g be (-16)/(-3) - 5 - (-19)/(-3). Give x(g).
16
Let g(i) = -i**3 - 18*i**2 - 16*i + 19. Let b be g(-17). Let h(k) = -k + 12. Let f be h(10). Let t(d) = 7 + f*d - d + d**b + 7. Determine t(0).
14
Let i(s) be the first derivative of -s**3/3 - 3*s**2 - 5*s + 1. Suppose 4*r - 1 = -a - 117, 4*r = -2*a - 112. Let o(x) = -4*x - 125. Let l be o(r). Give i(l).
0
Let r(o) = 1 + o - 3*o - 2*o + 3*o. Let k(w) = 5*w + 1. Let p(u) = 9*u + 2. Let m(y) = 7*k(y) - 4*p(y). Let a be m(-6). What is r(a)?
-4
Let b be (-1)/3 - 102/18. Let o be (-3)/b*0/(-1). Let s(k) = 5 + 7*k**3 - 8*k**3 - 3*k**2 + 2*k**2 - k. What is s(o)?
5
Let a(f) = -f - 2. Let o be a(-6). Let r(v) = 4*v - 19*v**2 + 74*v**2 - 30*v**2 - 26*v**2. Give r(o).
0
Suppose 19 = -19*b + 18*b. Let l(t) = t + 21. What is l(b)?
2
Let z(u) = -3*u - 4. Let p(d) = -2*d - 5. Let l(n) = 2*p(n) - z(n). Determine l(-2).
-4
Let x be 17/3 + -6 + (-19)/(-3). Let y(z) = 567*z - z**2 + 1 - 568*z - x. Calculate y(0).
-5
Suppose 2*s - 9 = 5. Suppose -u - 2 + s = 0. Let p(d) = 4*d - 3*d**2 - 7*d**2 + 16*d**2 - 7*d**2 - 5 + d. Determine p(u).
-5
Let t be (-8)/(-4) + 5 + -4. Let u(z) = 1 - t*z + 14*z - 8*z. What is u(1)?
4
Suppose 0 = -y + 5*o + 26, 31 = 2*y - 3*o - 0*o. Let l = 13 - y. Let k(n) = -2*n**2 + 3*n. What is k(l)?
-2
Let n be (63/(-14))/9*-6. Let m = 6 - 1. Let t(c) = -c**2 + 6 + 7*c - n - m*c. Determine t(-2).
-5
Let a(r) = -27 - 1784*r + 3568*r - 1781*r. Determine a(11).
6
Let x be -1 + 0 + 13 + -12. Suppose x = -9*j + 2*j + 28. Let h(d) = d**3 - 5*d**2 + 2*d + 1. Determine h(j).
-7
Let m(u) = u**3 + 1033*u**2 - 521*u**2 - 3*u - 518*u**2 + 8. Determine m(6).
-10
Let w(a) = a**3 + 4*a**2 - 6*a - 9. Suppose -v = 2 + 4. Determine w(v).
-45
Let z(h) be the second derivative of 1/2*h**2 + 0 + 12*h - 7/6*h**3. Give z(1).
-6
Suppose -2*l - 4 = 2*m - 14, 0 = -3*m + 5*l + 7. Suppose s + 3*u + 1 = 0, m*u = -4 - 0. Let r(i) = -i**2 - 2*i**3 + 0*i**2 + i + 3*i**3. What is r(s)?
6
Let q = 1198 - 1191. Let i(j) = -j**3 + 6*j**2 + j + 9. Calculate i(q).
-33
Let g(d) = d**2 - d + 1. Let b(r) = -6*r**2 - 10*r + 8. Let t(l) = b(l) + 4*g(l). Determine t(-8).
-4
Suppose 5*d - 9*d = -12. Let w(t) = 2*t**2 + 6*t - d*t**2 + 6 + t + 0*t**2. Calculate w(8).
-2
Let n(y) = -2*y - 12. Let d be (156/65)/(4/(-10)). Determine n(d).
0
Let u(l) = -l**2 + 9*l + 6. Let h(d) = -d**3 + 8*d**2 + 21*d - 1. Let t(m) = m**2 - 7*m + 2. Let a be t(8). Let n be h(a). What is u(n)?
6
Let k(x) = 5*x**3 + 10*x**2 + 14*x - 28. Let r(i) = 3*i**3 + 5*i**2 + 7*i - 15. Let q(j) = 4*k(j) - 7*r(j). What is q(6)?
-1
Suppose 0 = -y + 2*j - 8, 4*y - 3*j - 10 + 27 = 0. Let d be (-9 - -8)*0/y. Let s(z) = z + 6. Calculate s(d).
6
Let p(c) be the third derivative of c**4/8 + 7*c**3/6 + 2*c**2. Suppose -3*r - x = 10, -5*x - 5 = -6*x. Determine p(r).
-8
Let f = -664 - -656. Let h(w) = w**3 + 9*w**2 + 7*w + 9. Calculate h(f).
17
Let r(b) = 26*b - 3 + 9 - 44*b + 20*b. Give r(-6).
-6
Suppose 5*y + 4*w = 60, -3*w = -4*w. Let l(f) = -f**3 + 11*f**2 + 15*f - 26. Give l(y).
10
Suppose 0 = -3*a - 2*b + 52, 4*a - 2*a = -3*b + 43. Suppose -h = -a + 40. Let k = h + 20. Let p(w) = w + 8. Determine p(k).
2
Let t(b) = -3*b**2 + 2*b - 1. Let r(z) = -15 + 32 + 2*z**2 - 16 - z. Let f(n) = -7*r(n) - 5*t(n). Let s be 6/(-21) - 46/(-14). Give f(s).
-2
Suppose -405 = 10*w - 7*w. Let s = -127 - w. Let c(y) = -y**2 + 9*y. What is c(s)?
8
Let p(q) be the second derivative of -q**4/24 - q**3/6 - q**2 - 8*q. Let j(m) be the first derivative of p(m). What is j(5)?
-6
Let o = -367 - -353. Let n(a) = 3*a + 32. Calculate n(o).
-10
Suppose 2*x + 11 = 4*z - x, -2*x + 4 = 3*z. Let m(w) = 3*w**z + 41 - 2*w**2 - 40 - 10*w. Calculate m(11).
12
Let n(y) = 3*y**3 - 8*y**2 + 7*y + 3. Let m(a) = 4*a**3 - 9*a**2 + 8*a + 3. Let w(c) = -4*m(c) + 5*n(c). Give w(-5).
13
Let i(b) = b**3 + 10*b**2 - 14*b - 3. Suppose -5*f - 55 = 2*c - 5*c, 4*f - 3*c = -44. Calculate i(f).
30
Let h(l) = 3*l - 6. Let z(a) = 2*a - 4. Let s(u) = 5*h(u) - 8*z(u). Determine s(6).
-4
Let a(t) = t**3 + 6*t**2 - 6*t + 7. Let c(j) = j**2 - 10*j + 4. Let n be c(9). Let k(x) = -2*x - 10. Let v be k(n). Suppose v*s + s = -7. What is a(s)?
0
Let m be 51 + -53 - -7*1. Let p(g) = -g**3 + 7*g**2 - 12*g + 7. Give p(m).
-3
Let x(l) be the first derivative of -l**2/2 - 10*l + 181. Calculate x(10).
-20
Let b(q) = -q**3 + 8*q**2 - 10*q + 9. Let s be -1*((-7)/(-4))/((-34)/136). Determine b(s).
-12
Suppose 79*h = 54*h + 125. Let u(f) = f**3 - 5*f**2 - 4*f + 12. Calculate u(h).
-8
Let u(z) = -z**3 - 4*z**2 + 3*z - 5. Let h be u(-5). Suppose 3*c = -9, -3*s - 2*s - 4*c = 12. Let x(n) = 3*n + 1 - 3*n - n + s*n. What is x(h)?
-4
Let a(p) = 23*p**3 - 2*p**2 + 2*p - 1. Let r be a(1). Let w be (1 + 0)/((-11)/r). Let z(s) = -68 + 4*s**2 + 137 + 2*s - 70. Determine z(w).
11
Let h(w) = w**2 - 8*w - 5. Let u(c) = -3*c**3 - c**2 - 2*c. Let z be u(-1). Suppose 2*d = z*k - 48 + 12, -2*d = -2*k + 18. Give h(k).
4
Let z be -34*7/(-70) + (-4)/10. Let s(p) = 3*p**2 - 2*p - 1 - z + p**3 + 0. What is s(-3)?
2
Let d(y) = 2*y. Let j be (-3 - (3 - 2))*-5. Suppose -12*h = -8*h + j. Determine d(h).
-10
Suppose -4*k + 20 = 4*r, 2*r - 15 = 2*k - 5. Suppose 0*d = 3*d, k = v - 2*d - 7. Let l(z) = z + 1. Determine l(v).
8
Let i(w) = 9*w + 3. Let y be i(-2). Let z = -7 - y. Let v(s) = 7*s**3 - z*s**3 - 4*s**2 - 5*s + 11*s**2 - 6. Determine v(6).
0
Suppose 3*l - 7*l + 260 = 0. Suppose 14*w = 19 + l. Let z(f) = -f**2 + 7*f - 8. What is z(w)?
-2
Let u(v) = -v**2 + 2*v - 1. Let j(r) = -r + 2. Let a(m) = -2*j(m) - 2*u(m). Suppose -2*o - 2 = 2. Calculate a(o).
10
Let t(n) = -n**2 + n + 2. Let x(l) = 4*l - 6*l**2 + l**3 + 113 - 12*l - 106. Let v be x(7). Determine t(v).
2
Let p(n) = n**3 - 2*n**2 - 7*n + 2. Let t(d) = -17*d + 292. Let m be t(17). Determine p(m).
-10
Suppose 0 = 3*q - 4*h - 16, 11 = 3*q + 4*h + 3. Let v(g) be the first derivative of q - 1/3*g**3 - g - g**2. Calculate v(-3).
-4
Let v be (-15)/(-4) - (-6)/24. Let z be 1 - ((-4)/1 + 1). Let c(s) = v*s - 5 + z*s - s**2 + s - 3*s. Calculate c(4).
3
Suppose -18 = -5*c - 3*q, 2*c + 2*c - 15 = -3*q. Let i(o) = c*o + 3*o**2 - 1978 + 1978. What is i(-3)?
18
Let x(c) = -3*c**2 - 4*c + 1. Let q(b) be the second derivative of b**4/3 + 5*b**3/6 - 20*b. Let p(d) = -2*q(d) - 3*x(d). Determine p(-4).
5
Let k(f) be the third derivative of f**6/120 + f**5/30 + 27*f**2. What is k(-2)?
0
Let j(q) be the third derivative of -q**5/60 + q**4/6 - q**3 + 18*q**2. What is j(4)?
-6
Let s = 39 - 28. Suppose 3*q = v + 8, -4*q + 0*q + v = -s. Let r(k) = k. Let n(g) = -g + 1. Let t(b) = -3*n(b) - 4*r(b). Determine t(q).
-6
Suppose 12*p - 63 = 5*p. Let g(f) = -13*f + 45. Let a(x) = -3*x + 11. Let s(b) = p*a(b) - 2*g(b). What is s(0)?
9
Let r(f) be the third derivative of 18*f**2 + 0*f - 1/24*f**4 + 1/20*f**5 + 0*f**3 + 0 - 1/120*f**6. Calculate r(2).
2
Let h(w) = w + 8. Let m(v) = 4*v - 9. Let s be m(0). Let d be -6 + (-16)/s - (-2)/9. Give h(d).
4
Suppose 81*l + 7 = 88*l. Let v(b) be the third derivative of b**6/15 + b**5/60 - b**4/24 + b**3/6 - 8*b**2. What is v(l)?
9
Let f(j) = j**3 - 8*j**2 + 9*j - 5. Suppose 97*q - 104*q = -49. Give f(q).
9
Let w(n) = -2*n + 24. Let t(o) = -o + 12. Suppose 0 = b + 4*f - 15, 2*f = -2*b + 6*b - 24. Let v(q) = b*t